{"id":92,"date":"2026-04-23T19:24:01","date_gmt":"2026-04-23T19:24:01","guid":{"rendered":"https:\/\/adsestrela.ubi.pt\/?page_id=92"},"modified":"2026-04-27T14:13:06","modified_gmt":"2026-04-27T14:13:06","slug":"quem-somos","status":"publish","type":"page","link":"https:\/\/adsestrela.pt\/","title":{"rendered":"Quem somos"},"content":{"rendered":"\n<p>A <strong>Associa\u00e7\u00e3o de Diab\u00e9ticos da Serra da Estrela <\/strong>(ADSEstrela) \u00e9 uma institui\u00e7\u00e3o sem fins lucrativos, sediada na <strong>Covilh\u00e3<\/strong>, que tem como principal objetivo <strong>melhorar a qualidade de vida das pessoas com diabetes<\/strong> e promover a <strong>preven\u00e7\u00e3o da doen\u00e7a<\/strong> junto da comunidade.<\/p>\n\n\n\n<p>Fundada em 2014, por um grupo de profissionais de sa\u00fade e pessoas com diabetes e familiares, esta Associa\u00e7\u00e3o nasceu da vontade de criar um espa\u00e7o de proximidade, partilha e acompanhamento, onde cada pessoa com diabetes pudesse encontrar informa\u00e7\u00e3o cred\u00edvel, apoio humano e uma comunidade capaz de compreender os desafios do dia a dia, criando um <strong>espa\u00e7o de apoio, informa\u00e7\u00e3o e partilha<\/strong> na regi\u00e3o da Serra da Estrela.<\/p>\n\n\n\n<p>Estamos dedicados \u00e0 <strong>promo\u00e7\u00e3o da sa\u00fade, preven\u00e7\u00e3o da diabetes e apoio \u00e0s pessoas que vivem com esta condi\u00e7\u00e3o<\/strong> na regi\u00e3o da Cova da Beira e \u00e1reas envolventes. tendo desenvolvido um trabalho ativo junto da popula\u00e7\u00e3o, promovendo rastreios de sa\u00fade, a\u00e7\u00f5es de sensibiliza\u00e7\u00e3o, sess\u00f5es educativas, programas comunit\u00e1rios, debates p\u00fablicos e iniciativas de promo\u00e7\u00e3o de estilos de vida saud\u00e1veis.<\/p>\n\n\n\n<p>Entre as iniciativas que t\u00eam sido promovidas destacam-se:<br>\ud83c\udf99\ufe0f Programas em r\u00e1dios regionais,<br>\ud83d\udcc6 Campanhas de preven\u00e7\u00e3o e rastreios,<br>\ud83d\udcac A\u00e7\u00f5es educativas sobre alimenta\u00e7\u00e3o e estilo de vida saud\u00e1vel, e o acompanhamento pr\u00f3ximo dos associados atrav\u00e9s de sess\u00f5es informativas, workshops e eventos comunit\u00e1rios.<\/p>\n\n\n\n<p>Acreditamos que a literacia em sa\u00fade \u00e9 essencial para prevenir a doen\u00e7a, melhorar a qualidade de vida e capacitar cada pessoa para uma melhor gest\u00e3o da sua sa\u00fade. Por isso,<strong> trabalhamos diariamente para informar, esclarecer e apoiar,<\/strong> tendo igualmente apostado na cria\u00e7\u00e3o de parcerias com autarquias, unidades de sa\u00fade, farm\u00e1cias, escolas e outras institui\u00e7\u00f5es, refor\u00e7ando o impacto das suas a\u00e7\u00f5es e aproximando os cuidados de quem mais precisa.<\/p>\n\n\n\n<p>Recentemente, a ADSEstrela passou a integrar a <a href=\"https:\/\/fpad.pt\/\" target=\"_blank\" rel=\"noreferrer noopener\">Federa\u00e7\u00e3o Portuguesa das Associa\u00e7\u00f5es de Diab\u00e9ticos<\/a> (FPAD) como <strong>Delega\u00e7\u00e3o da Zona Centro<\/strong>, reconhecimento do percurso realizado e da sua interven\u00e7\u00e3o na comunidade.<\/p>\n\n\n\n<p>Mais do que uma associa\u00e7\u00e3o, somos uma rede de apoio, proximidade e compromisso com as pessoas.<\/p>\n\n\n\n<p><strong>Porque cuidar da diabetes \u00e9, acima de tudo, cuidar das pessoas.<\/strong><\/p>\n\n\n\n<p><\/p>\n","protected":false},"excerpt":{"rendered":"<p>A Associa\u00e7\u00e3o de Diab\u00e9ticos da Serra da Estrela (ADSEstrela) \u00e9 uma institui\u00e7\u00e3o sem fins lucrativos, sediada na Covilh\u00e3, que tem como principal objetivo melhorar a qualidade de vida das pessoas com diabetes e promover a preven\u00e7\u00e3o da doen\u00e7a junto da comunidade. Fundada em 2014, por um grupo de profissionais de sa\u00fade e pessoas com diabetes [&hellip;]<\/p>\n","protected":false},"author":1,"featured_media":0,"parent":0,"menu_order":0,"comment_status":"closed","ping_status":"closed","template":"","meta":{"footnotes":""},"class_list":["post-92","page","type-page","status-publish","hentry"],"_links":{"self":[{"href":"https:\/\/adsestrela.pt\/index.php\/wp-json\/wp\/v2\/pages\/92","targetHints":{"allow":["GET"]}}],"collection":[{"href":"https:\/\/adsestrela.pt\/index.php\/wp-json\/wp\/v2\/pages"}],"about":[{"href":"https:\/\/adsestrela.pt\/index.php\/wp-json\/wp\/v2\/types\/page"}],"author":[{"embeddable":true,"href":"https:\/\/adsestrela.pt\/index.php\/wp-json\/wp\/v2\/users\/1"}],"replies":[{"embeddable":true,"href":"https:\/\/adsestrela.pt\/index.php\/wp-json\/wp\/v2\/comments?post=92"}],"version-history":[{"count":4,"href":"https:\/\/adsestrela.pt\/index.php\/wp-json\/wp\/v2\/pages\/92\/revisions"}],"predecessor-version":[{"id":144,"href":"https:\/\/adsestrela.pt\/index.php\/wp-json\/wp\/v2\/pages\/92\/revisions\/144"}],"wp:attachment":[{"href":"https:\/\/adsestrela.pt\/index.php\/wp-json\/wp\/v2\/media?parent=92"}],"curies":[{"name":"wp","href":"https:\/\/api.w.org\/{rel}","templated":true}]}}

<p>A <strong>Associação de Diabéticos da Serra da Estrela </strong>(ADSEstrela) é uma instituição sem fins lucrativos, sediada na <strong>Covilhã</strong>, que tem como principal objetivo <strong>melhorar a qualidade de vida das pessoas com diabetes</strong> e promover a <strong>prevenção da doença</strong> junto da comunidade.</p>



<p>Fundada em 2014, por um grupo de profissionais de saúde e pessoas com diabetes e familiares, esta Associação nasceu da vontade de criar um espaço de proximidade, partilha e acompanhamento, onde cada pessoa com diabetes pudesse encontrar informação credível, apoio humano e uma comunidade capaz de compreender os desafios do dia a dia, criando um <strong>espaço de apoio, informação e partilha</strong> na região da Serra da Estrela.</p>



<p>Estamos dedicados à <strong>promoção da saúde, prevenção da diabetes e apoio às pessoas que vivem com esta condição</strong> na região da Cova da Beira e áreas envolventes. tendo desenvolvido um trabalho ativo junto da população, promovendo rastreios de saúde, ações de sensibilização, sessões educativas, programas comunitários, debates públicos e iniciativas de promoção de estilos de vida saudáveis.</p>



<p>Entre as iniciativas que têm sido promovidas destacam-se:<br>🎙️ Programas em rádios regionais,<br>📆 Campanhas de prevenção e rastreios,<br>💬 Ações educativas sobre alimentação e estilo de vida saudável, e o acompanhamento próximo dos associados através de sessões informativas, workshops e eventos comunitários.</p>



<p>Acreditamos que a literacia em saúde é essencial para prevenir a doença, melhorar a qualidade de vida e capacitar cada pessoa para uma melhor gestão da sua saúde. Por isso,<strong> trabalhamos diariamente para informar, esclarecer e apoiar,</strong> tendo igualmente apostado na criação de parcerias com autarquias, unidades de saúde, farmácias, escolas e outras instituições, reforçando o impacto das suas ações e aproximando os cuidados de quem mais precisa.</p>



<p>Recentemente, a ADSEstrela passou a integrar a <a href="https://fpad.pt/" target="_blank" rel="noreferrer noopener">Federação Portuguesa das Associações de Diabéticos</a> (FPAD) como <strong>Delegação da Zona Centro</strong>, reconhecimento do percurso realizado e da sua intervenção na comunidade.</p>



<p>Mais do que uma associação, somos uma rede de apoio, proximidade e compromisso com as pessoas.</p>



<p><strong>Porque cuidar da diabetes é, acima de tudo, cuidar das pessoas.</strong></p>



<p></p>

<p>A Associação de Diabéticos da Serra da Estrela (ADSEstrela) é uma instituição sem fins lucrativos, sediada na Covilhã, que tem como principal objetivo melhorar a qualidade de vida das pessoas com diabetes e promover a prevenção da doença junto da comunidade. Fundada em 2014, por um grupo de profissionais de saúde e pessoas com diabetes [&hellip;]</p>
