{"id":39,"date":"2026-04-21T20:52:26","date_gmt":"2026-04-21T20:52:26","guid":{"rendered":"https:\/\/adsestrela.ubi.pt\/?page_id=39"},"modified":"2026-04-24T14:03:14","modified_gmt":"2026-04-24T14:03:14","slug":"novidades","status":"publish","type":"page","link":"https:\/\/adsestrela.pt\/index.php\/novidades\/","title":{"rendered":"Novidades"},"content":{"rendered":"\n<div class=\"wp-block-group has-black-color has-white-background-color has-text-color has-background has-link-color wp-elements-6e2310f28db8f0adad6fc31acb2ba339\"><div class=\"wp-block-group__inner-container is-layout-constrained wp-block-group-is-layout-constrained\">\n<h2 class=\"wp-block-heading\">Vit\u00f3ria hist\u00f3rica para as pessoas com diabetes em Portugal<\/h2>\n\n\n\n<p>O Presidente da Rep\u00fablica promulgou o diploma que refor\u00e7a o direito ao esquecimento, pondo fim \u00e0 discrimina\u00e7\u00e3o no acesso ao cr\u00e9dito e seguros para pessoas com diabetes.<br>Depois de anos de luta, este \u00e9 um passo decisivo para a igualdade e para a dignidade de milhares de pessoas.<br>A diabetes n\u00e3o pode ser motivo de exclus\u00e3o financeira. E hoje essa injusti\u00e7a est\u00e1 mais perto do fim.<br>A APDP continuar\u00e1 vigilante para garantir que esta conquista se traduz em mudan\u00e7as reais.<\/p>\n\n\n\n<p class=\"has-vivid-cyan-blue-color has-text-color has-link-color wp-elements-39db0570887c0e94e5c5fb237de27404\"><a href=\"https:\/\/apdp.pt\/presidente-da-republica-promulga-direito-ao-esquecimento\/\" target=\"_blank\" rel=\"noreferrer noopener\">Link<\/a><\/p>\n<\/div><\/div>\n\n\n\n<p><\/p>\n","protected":false},"excerpt":{"rendered":"<p>Vit\u00f3ria hist\u00f3rica para as pessoas com diabetes em Portugal O Presidente da Rep\u00fablica promulgou o diploma que refor\u00e7a o direito ao esquecimento, pondo fim \u00e0 discrimina\u00e7\u00e3o no acesso ao cr\u00e9dito e seguros para pessoas com diabetes.Depois de anos de luta, este \u00e9 um passo decisivo para a igualdade e para a dignidade de milhares de [&hellip;]<\/p>\n","protected":false},"author":1,"featured_media":0,"parent":0,"menu_order":0,"comment_status":"closed","ping_status":"closed","template":"","meta":{"footnotes":""},"class_list":["post-39","page","type-page","status-publish","hentry"],"_links":{"self":[{"href":"https:\/\/adsestrela.pt\/index.php\/wp-json\/wp\/v2\/pages\/39","targetHints":{"allow":["GET"]}}],"collection":[{"href":"https:\/\/adsestrela.pt\/index.php\/wp-json\/wp\/v2\/pages"}],"about":[{"href":"https:\/\/adsestrela.pt\/index.php\/wp-json\/wp\/v2\/types\/page"}],"author":[{"embeddable":true,"href":"https:\/\/adsestrela.pt\/index.php\/wp-json\/wp\/v2\/users\/1"}],"replies":[{"embeddable":true,"href":"https:\/\/adsestrela.pt\/index.php\/wp-json\/wp\/v2\/comments?post=39"}],"version-history":[{"count":4,"href":"https:\/\/adsestrela.pt\/index.php\/wp-json\/wp\/v2\/pages\/39\/revisions"}],"predecessor-version":[{"id":134,"href":"https:\/\/adsestrela.pt\/index.php\/wp-json\/wp\/v2\/pages\/39\/revisions\/134"}],"wp:attachment":[{"href":"https:\/\/adsestrela.pt\/index.php\/wp-json\/wp\/v2\/media?parent=39"}],"curies":[{"name":"wp","href":"https:\/\/api.w.org\/{rel}","templated":true}]}}

<div class="wp-block-group has-black-color has-white-background-color has-text-color has-background has-link-color wp-elements-6e2310f28db8f0adad6fc31acb2ba339"><div class="wp-block-group__inner-container is-layout-constrained wp-block-group-is-layout-constrained">
<h2 class="wp-block-heading">Vitória histórica para as pessoas com diabetes em Portugal</h2>



<p>O Presidente da República promulgou o diploma que reforça o direito ao esquecimento, pondo fim à discriminação no acesso ao crédito e seguros para pessoas com diabetes.<br>Depois de anos de luta, este é um passo decisivo para a igualdade e para a dignidade de milhares de pessoas.<br>A diabetes não pode ser motivo de exclusão financeira. E hoje essa injustiça está mais perto do fim.<br>A APDP continuará vigilante para garantir que esta conquista se traduz em mudanças reais.</p>



<p class="has-vivid-cyan-blue-color has-text-color has-link-color wp-elements-39db0570887c0e94e5c5fb237de27404"><a href="https://apdp.pt/presidente-da-republica-promulga-direito-ao-esquecimento/" target="_blank" rel="noreferrer noopener">Link</a></p>
</div></div>



<p></p>

<p>Vitória histórica para as pessoas com diabetes em Portugal O Presidente da República promulgou o diploma que reforça o direito ao esquecimento, pondo fim à discriminação no acesso ao crédito e seguros para pessoas com diabetes.Depois de anos de luta, este é um passo decisivo para a igualdade e para a dignidade de milhares de [&hellip;]</p>
