{"id":37,"date":"2026-04-21T20:52:26","date_gmt":"2026-04-21T20:52:26","guid":{"rendered":"https:\/\/adsestrela.ubi.pt\/?page_id=37"},"modified":"2026-04-24T20:43:39","modified_gmt":"2026-04-24T20:43:39","slug":"historia","status":"publish","type":"page","link":"https:\/\/adsestrela.pt\/index.php\/historia\/","title":{"rendered":"Hist\u00f3ria"},"content":{"rendered":"\n<p>Fundada em 11 de mar\u00e7o do ano 2014, por iniciativa de uma grupo de diab\u00e9ticos e de profissionais de sa\u00fade da Regi\u00e3o da Cova da Beira, liderado pelo saudoso, Dr. Fernando Raposo, surge pela constata\u00e7\u00e3o da necessidade de criar, \u00e0 semelhan\u00e7a do que j\u00e1 existia noutras regi\u00f5es do Pa\u00eds, uma Organiza\u00e7\u00e3o de Apoio aos Diab\u00e9ticos da Cova da Beira.<\/p>\n\n\n\n<p><a><\/a> A Diabetes, hoje considerada como a pandemia do seculo XXI, requer tamb\u00e9m a n\u00edvel local, a cria\u00e7\u00e3o e implanta\u00e7\u00e3o de organismos e i infraestruturas que permitam conhecer melhor a doen\u00e7a, divulgando e alertando para a sua import\u00e2ncia como problema de sa\u00fade p\u00fablica por um lado e, por outro, procurando dar resposta aos diversos problemas com que a diabetes se depara no dia a dia.<\/p>\n\n\n\n<p>No seu \u00e2mbito da A\u00e7\u00e3o, a Associa\u00e7\u00e3o de Diabetes da Serra da Estrela, surge assim, com o principal foco, de fomentar atividades e desenvolver programas de educa\u00e7\u00e3o e forma\u00e7\u00e3o para o bem estar, que visem a melhoria de qualidade de vida e a defesa dos interesses, direitos e deveres dos diab\u00e9ticos.<\/p>\n","protected":false},"excerpt":{"rendered":"<p>Fundada em 11 de mar\u00e7o do ano 2014, por iniciativa de uma grupo de diab\u00e9ticos e de profissionais de sa\u00fade da Regi\u00e3o da Cova da Beira, liderado pelo saudoso, Dr. Fernando Raposo, surge pela constata\u00e7\u00e3o da necessidade de criar, \u00e0 semelhan\u00e7a do que j\u00e1 existia noutras regi\u00f5es do Pa\u00eds, uma Organiza\u00e7\u00e3o de Apoio aos Diab\u00e9ticos [&hellip;]<\/p>\n","protected":false},"author":1,"featured_media":0,"parent":0,"menu_order":0,"comment_status":"closed","ping_status":"closed","template":"","meta":{"footnotes":""},"class_list":["post-37","page","type-page","status-publish","hentry"],"_links":{"self":[{"href":"https:\/\/adsestrela.pt\/index.php\/wp-json\/wp\/v2\/pages\/37","targetHints":{"allow":["GET"]}}],"collection":[{"href":"https:\/\/adsestrela.pt\/index.php\/wp-json\/wp\/v2\/pages"}],"about":[{"href":"https:\/\/adsestrela.pt\/index.php\/wp-json\/wp\/v2\/types\/page"}],"author":[{"embeddable":true,"href":"https:\/\/adsestrela.pt\/index.php\/wp-json\/wp\/v2\/users\/1"}],"replies":[{"embeddable":true,"href":"https:\/\/adsestrela.pt\/index.php\/wp-json\/wp\/v2\/comments?post=37"}],"version-history":[{"count":3,"href":"https:\/\/adsestrela.pt\/index.php\/wp-json\/wp\/v2\/pages\/37\/revisions"}],"predecessor-version":[{"id":136,"href":"https:\/\/adsestrela.pt\/index.php\/wp-json\/wp\/v2\/pages\/37\/revisions\/136"}],"wp:attachment":[{"href":"https:\/\/adsestrela.pt\/index.php\/wp-json\/wp\/v2\/media?parent=37"}],"curies":[{"name":"wp","href":"https:\/\/api.w.org\/{rel}","templated":true}]}}